i = r*i - 4. List the prime factors of i.
2
Let x = -104 + 102. What are the prime factors of (-3)/2*(x + -7 - 11)?
2, 3, 5
Let j(s) = 21*s**3 + s**2 - 2*s. Let l be j(1). Suppose l*g - 1140 = 17*g. Suppose -5*z = -2*n - 385, -z + 3*n + g = 4*z. List the prime factors of z.
79
Suppose -34*z - 2 = -35*z. Suppose 2*g - 20 = -0. Suppose -2*j + 1 = y, z*j - 3*j = -3*y + g. List the prime factors of y.
3
List the prime factors of ((-15)/(-6) + 0)/((-9)/(-1098)).
5, 61
Let u(a) = -2*a**2 - 26*a + 8. Let p(s) = s**3 - 10*s**2 - 3*s + 18. Let c be p(10). List the prime factors of u(c).
2
Let u = -91 - -1040. List the prime factors of u.
13, 73
Let t be 22/55 + (-23)/(-5). Let i(l) = l**3 - 3*l**2 - 12*l + 11. Let p be i(t). Let r(g) = 76*g**3 - g. What are the prime factors of r(p)?
3, 5
Let p = -2 + 7. Let f(i) = -i**3 + 6*i**2 - 5*i + 11. Let y be f(5). Let q = y + p. List the prime factors of q.
2
Let u(t) = t**2. Let b be u(0). Let f be (-6)/2*(1 - 15/9). Suppose -f*m - 3*g - 2 = 0, 4*m + 2*g - 7 + 3 = b. What are the prime factors of m?
2
Suppose 13 = 2*s + 3. Suppose 0 = 5*p - s*n - 970, 7*p - 566 = 4*p - 5*n. What are the prime factors of p?
2, 3
Let f(w) = 3*w**2 - 3*w + 2. Let o be f(3). List the prime factors of (6/(-5))/((-4)/o).
2, 3
List the prime factors of (-3 + (-15)/(-6))/(6/(-3828)).
11, 29
Suppose 2*n = -r - 0*n + 7, r = 3*n - 3. Let p be ((-140)/(-10))/(1/r). What are the prime factors of 280/(-42)*p/(-5)?
2, 7
Let n(f) = 6*f**2 - 6*f + 1. Let g be n(4). Let u = g - 35. Suppose -5*x = h - 17, 3*h + 3*x = x + u. What are the prime factors of h?
2, 3
Let r(d) = -2*d**3 + d**2 + 5*d + 9. Let x(k) = -2*k**3 + k**2 + 5*k + 10. Let s(j) = 4*r(j) - 3*x(j). List the prime factors of s(-3).
2, 3
Let t be 448/(-36)*-3*-3. Let u = 114 + t. List the prime factors of u.
2
Suppose 0*d + d + 49 = 0. Let z = d - -114. Let q = 91 - z. What are the prime factors of q?
2, 13
Suppose -9 + 0 = -3*h - 3*o, 6 = -3*o. Suppose -s + h*v + 14 = 3*v, 22 = s - 4*v. What are the prime factors of (-27)/s*130/(-15)?
3, 13
Let q be (-62 - (-2 - 0)) + -1. Let y be q - (-6 + 3 - 0). Let g = -15 - y. List the prime factors of g.
43
Let t(y) = -y - 1. Let n(d) = -10*d - 17. Let a(b) = n(b) - 4*t(b). List the prime factors of a(-3).
5
Suppose 0 = -4*u + 2*o + 84, 4*o + 80 = -0*u + 4*u. Let i be (-4)/4 + 1 - -5. Let h = u - i. List the prime factors of h.
17
Suppose 6 + 12 = -3*a. Let q(x) = x**3 + 6*x**2 - x - 3. Let g be q(a). Suppose -g*z = -z - 60. List the prime factors of z.
2, 3, 5
What are the prime factors of 8*5/10 + (98 - -2)?
2, 13
Suppose -f - 2*m + 125 = -m, -117 = -f + 3*m. Suppose -f + 893 = 7*x. List the prime factors of x.
2, 5, 11
Suppose -3*g = -2*f + 120 - 19, -2*f - 163 = 5*g. Let k = -3 + g. Let a = k + 70. List the prime factors of a.
2, 17
List the prime factors of 4 + (-5 + 1103)/3.
2, 5, 37
Let o(m) be the second derivative of -1/6*m**3 + 13/2*m**2 - 10*m + 0. List the prime factors of o(9).
2
Suppose 4*l - 264 = -4*o, -2*l + 7*l + 3*o = 330. Suppose l = 2*t - 262. What are the prime factors of t?
2, 41
Suppose -s - 1 = -8. Let u be (-10)/(12/s + -2). Suppose -2*w - u = -5*z, -5*z - 3*w + 70 = 2*w. What are the prime factors of z?
3
Let g = -2856 + 6630. What are the prime factors of g?
2, 3, 17, 37
Suppose -24*j = -18*j - 8256. What are the prime factors of j?
2, 43
Let d(b) be the first derivative of b**4/4 + 2*b**3/3 + b**2/2 + 6*b + 2. Let k be d(0). Suppose 260 = -x + k*x. What are the prime factors of x?
2, 13
Suppose -2*z = -f - 5693, -8*z + 8535 = -5*z + 3*f. List the prime factors of z.
2, 1423
Let c(i) = -i**3 - i**2 - 1. Let k(n) = 2*n**3 + 11*n**2 + 5*n + 14. Let w(q) = -c(q) - k(q). List the prime factors of w(-10).
37
Let z = -48 - -50. Suppose 2*f + u = 85 + 8, 0 = z*u + 2. List the prime factors of f.
47
Suppose 0 = -3*h + 3*p + 2403, -204*h = -207*h - 4*p + 2431. What are the prime factors of h?
5, 7, 23
Let a(o) = 57*o + 7. Suppose -j + 7 = 4*v - 1, -v - j - 1 = 0. List the prime factors of a(v).
2, 89
Let k be (2/6)/(17/153). Suppose 5*x = 4*j - 5*j + 298, k*x + 4*j - 189 = 0. What are the prime factors of x?
59
Suppose 6*f - 4714 = 9890. What are the prime factors of f?
2, 1217
List the prime factors of (-2)/(-6) - (3 + 2992/(-33)).
2, 11
Let n(z) = 2*z - 20. Let v be n(10). Suppose 5*i - 728 - 42 = v. List the prime factors of i.
2, 7, 11
Let p(y) = -3*y**2 + 1. Let w be p(2). Let t = -89 + w. List the prime factors of 1/((-4)/t*1).
5
Let r(o) = o**3 + 5*o**2 + o + 6. Let i be r(-5). Suppose 4 + i = 5*w. What are the prime factors of (-2 - -3)*31*w?
31
Suppose 4*z - 397 - 51 = -4*h, 5*h - 557 = -4*z. Let j = h - 19. What are the prime factors of j?
2, 3, 5
Suppose -140419 + 8189 = -35*j. What are the prime factors of j?
2, 1889
Let r(u) = 6*u**3 - 15*u**2 + u - 12. What are the prime factors of r(5)?
2, 23
Let i(b) = b**3 + 33*b**2 + 55*b - 25. List the prime factors of i(-28).
3, 5, 157
Let z(b) = -b**3 - 7*b**2 - 7*b - 2. Let d be z(-6). Suppose 3*k - 3*l + 111 = 0, l + 39 = -2*k - d*l. Let f = -15 - k. List the prime factors of f.
17
Let v = 2490 - 653. What are the prime factors of v?
11, 167
Let d(l) = -l + 29. Let k = 5 + 2. Suppose 9*v = k*v. What are the prime factors of d(v)?
29
Suppose -3*v = 2*q - 24, -q = -5*v - 5 + 32. List the prime factors of v.
2, 3
Let q = -10 - -10. Let t = q - -59. What are the prime factors of t?
59
Suppose 0 = 3*u - 340 - 365. What are the prime factors of u?
5, 47
Suppose -19*t + 7799 = -1853. What are the prime factors of t?
2, 127
Suppose -s + 4 = 0, 2*i + 3*s = 4*i. Suppose i*v + 173 - 557 = 0. Let h = -36 + v. List the prime factors of h.
2, 7
Let o(i) = -224*i**3 - 2*i**2 + 12*i + 20. What are the prime factors of o(-2)?
2, 5, 89
Let l be (-8)/(-10)*75/30. Suppose 4*c - 2 = l*c. List the prime factors of (-3)/3 - -67 - c.
5, 13
Suppose l + 7 = n, 5*n = -2*l - 0*l. Suppose 4*y - 2*k - 10 = 0, -5*y - n*k = -7*k - 10. Suppose -27 = -y*w + 27. List the prime factors of w.
2, 3
Suppose -5 = 5*h, 2*l - 5*h = 5*l - 7. Let v be -74*(30/6 + -7). Suppose 4*q = -5*j + v, -5*j = -l*j + 3*q - 34. What are the prime factors of j?
2, 7
Suppose -74 = 3*z - 731. Suppose 64 = -5*r + z. List the prime factors of r.
31
Suppose 0 = -33*p + 32*p - 210. Let q = p + 365. List the prime factors of q.
5, 31
Let w = -14 - -15. Let z be (w + 0)*(2 - 76). Let l = -52 - z. What are the prime factors of l?
2, 11
Let l = 1719 + -680. List the prime factors of l.
1039
Let n = 665 + -293. List the prime factors of n.
2, 3, 31
Let g(x) = -6*x**3 - 15*x**2 + 36*x - 19. What are the prime factors of g(-8)?
5, 19
Let s = -7 - 2. Let i = s + 9. Suppose -5*z - 3*g = -57, i = 2*z - 4*g + 2 - 4. List the prime factors of z.
3
Let k(s) = 0 + 0 - 3*s + 2 + 0. Let o be k(0). Suppose -o*j + 164 = -0*j. List the prime factors of j.
2, 41
Let r(m) = -m - 35. Let b(q) = 2*q + 35. Let k(d) = -5*b(d) - 6*r(d). What are the prime factors of k(0)?
5, 7
Let y be (2 + 1*-2)/1. Let r = -13 + 17. Suppose -4*g + y*g + r*x = -64, -3*g = 4*x - 27. What are the prime factors of g?
13
Let w be (-1876)/133 - (-4)/38. What are the prime factors of 4/14 + (-1186)/w?
5, 17
Let c be 46/14 + (-2)/7. Suppose c*z = 2*y - 5*y + 264, -3 = -3*z. List the prime factors of y.
3, 29
Suppose -4*z + 3*n + 1081 = 0, -22*z + 17*z = 3*n - 1385. List the prime factors of z.
2, 137
Suppose -3*o = -x - 0*o + 24, 0 = x - 4*o - 22. Let n be -3 - (1 + -1) - (6 - 1). Let w = x + n. List the prime factors of w.
2, 11
Let g = 14 - 11. Suppose 0*w = -4*w - g*u - 59, 3*u - 67 = 5*w. List the prime factors of 6/(-21) - 354/w.
5
Let s(g) be the second derivative of 0 - 1/2*g**3 - 5/2*g**2 + 4*g. List the prime factors of s(-5).
2, 5
Let q(o) = -30*o - 14. Let p be q(-3). Let w = p + -50. List the prime factors of w.
2, 13
Suppose -8*u + u + 98 = 0. Suppose 92 = 2*l - u. List the prime factors of l.
53
What are the prime factors of -85*((-891)/45 - 9)?
2, 3, 17
Let r(m) = -25*m + 1. Suppose 5*g + 33 = 4*c, -3 = -3*c - 5*g + 13. Suppose w - 3 = -t - w, 3*t - 2*w + c = 0. What are the prime factors of r(t)?
2, 13
Let s = 403 + 115. What are the prime factors of s?
2, 7, 37
Let y(c) = -2*c - 8. Let m be y(-6). Let d be m/8*-4 - 0. List the prime factors of d/(2 - 72/33).